{"id":205,"date":"2026-04-03T23:22:27","date_gmt":"2026-04-03T23:22:27","guid":{"rendered":"https:\/\/sezginpil.com\/?post_type=product&#038;p=205"},"modified":"2026-04-16T23:16:32","modified_gmt":"2026-04-16T23:16:32","slug":"orion-14500-inr-900mah-aa-boyutu","status":"publish","type":"product","link":"https:\/\/sezginpil.com\/?product=orion-14500-inr-900mah-aa-boyutu","title":{"rendered":"Orion 14500-900mAh (AA)"},"content":{"rendered":"<p><strong class=\"Yjhzub\" data-sfc-root=\"c\" data-sfc-cb=\"\" data-complete=\"true\" data-processed=\"true\">Orion 14500 (AA boyutunda)<\/strong>, ADET F\u0130YATIDIR !<\/p>\n<p>standart bir kalem pil (AA) ile ayn\u0131 fiziksel boyutlara sahip olmas\u0131na ra\u011fmen, kimyasal yap\u0131s\u0131 ve voltaj\u0131 nedeniyle \u00e7ok farkl\u0131 bir performans sunar.\u00a0<strong class=\"Yjhzub\" data-sfc-root=\"c\" data-sfc-cb=\"\" data-complete=\"true\" data-processed=\"true\">INR (Lityum Nikel Manganez Kobalt)<\/strong>\u00a0kimyas\u0131 sayesinde hem kapasite hem de de\u015farj dengesi sa\u011flar.<\/p>\n<p><strong>Kullan\u0131m Alanlar\u0131:<\/strong><\/p>\n<p><span class=\"T286Pc\" data-sfc-cp=\"\" data-sfc-root=\"c\" data-sfc-cb=\"\" data-complete=\"true\"><strong class=\"Yjhzub\" data-sfc-root=\"c\" data-sfc-cb=\"\" data-complete=\"true\">Profesyonel LED El Fenerleri:<\/strong>\u00a014500 pil deste\u011fi olan (y\u00fcksek l\u00fcmenli) k\u00fc\u00e7\u00fck boyutlu taktik fenerlerde yayg\u0131n kullan\u0131l\u0131r.<\/span><\/p>\n<p><span class=\"T286Pc\" data-sfc-cp=\"\" data-sfc-root=\"c\" data-sfc-cb=\"\" data-complete=\"true\"><strong class=\"Yjhzub\" data-sfc-root=\"c\" data-sfc-cb=\"\" data-complete=\"true\">T\u0131bbi Cihazlar:<\/strong>\u00a0Ta\u015f\u0131nabilir \u00f6l\u00e7\u00fcm cihazlar\u0131 ve belirli t\u0131bbi ekipmanlar\u0131n i\u00e7inde yer al\u0131r.<\/span><\/p>\n<p><span class=\"T286Pc\" data-sfc-cp=\"\" data-sfc-root=\"c\" data-sfc-cb=\"\" data-complete=\"true\"><strong class=\"Yjhzub\" data-sfc-root=\"c\" data-sfc-cb=\"\" data-complete=\"true\">Elektronik Devreler ve Prototipleme:<\/strong>\u00a0Arduino, ESP32 gibi mikrodenetleyici projelerinde 3.7V ihtiyac\u0131n\u0131 kar\u015f\u0131lamak i\u00e7in idealdir.<\/span><\/p>\n<p><span class=\"T286Pc\" data-sfc-cp=\"\" data-sfc-root=\"c\" data-sfc-cb=\"\" data-complete=\"true\"><strong class=\"Yjhzub\" data-sfc-root=\"c\" data-sfc-cb=\"\" data-complete=\"true\">\u00d6zel T\u0131ra\u015f Makineleri ve Epilasyon Cihazlar\u0131:<\/strong>\u00a0\u0130\u00e7inde 3.7V lityum pil ile \u00e7al\u0131\u015fan \u015farjl\u0131 ki\u015fisel bak\u0131m \u00fcr\u00fcnlerinin batarya de\u011fi\u015fiminde kullan\u0131l\u0131r.<\/span><\/p>\n<p><span class=\"T286Pc\" data-sfc-cp=\"\" data-sfc-root=\"c\" data-sfc-cb=\"\" data-complete=\"true\"><strong class=\"Yjhzub\" data-sfc-root=\"c\" data-sfc-cb=\"\" data-complete=\"true\">Kablosuz Sens\u00f6rler:<\/strong> End\u00fcstriyel takip ve veri iletimi yapan k\u00fc\u00e7\u00fck kablosuz sens\u00f6r d\u00fc\u011f\u00fcmlerinde tercih edilir.<\/span><\/p>\n","protected":false},"excerpt":{"rendered":"<p>Orion 14500 (AA boyutunda), ADET F\u0130YATIDIR ! standart bir kalem pil (AA) ile ayn\u0131 fiziksel boyutlara sahip olmas\u0131na ra\u011fmen, kimyasal [&hellip;]<\/p>\n","protected":false},"featured_media":470,"comment_status":"open","ping_status":"closed","template":"","meta":{"site-sidebar-layout":"default","site-content-layout":"","ast-site-content-layout":"default","site-content-style":"default","site-sidebar-style":"default","ast-global-header-display":"","ast-banner-title-visibility":"","ast-main-header-display":"","ast-hfb-above-header-display":"","ast-hfb-below-header-display":"","ast-hfb-mobile-header-display":"","site-post-title":"","ast-breadcrumbs-content":"","ast-featured-img":"","footer-sml-layout":"","ast-disable-related-posts":"","theme-transparent-header-meta":"default","adv-header-id-meta":"","stick-header-meta":"","header-above-stick-meta":"","header-main-stick-meta":"","header-below-stick-meta":"","astra-migrate-meta-layouts":"set","ast-page-background-enabled":"default","ast-page-background-meta":{"desktop":{"background-color":"var(--ast-global-color-5)","background-image":"","background-repeat":"repeat","background-position":"center center","background-size":"auto","background-attachment":"scroll","background-type":"","background-media":"","overlay-type":"","overlay-color":"","overlay-opacity":"","overlay-gradient":""},"tablet":{"background-color":"","background-image":"","background-repeat":"repeat","background-position":"center center","background-size":"auto","background-attachment":"scroll","background-type":"","background-media":"","overlay-type":"","overlay-color":"","overlay-opacity":"","overlay-gradient":""},"mobile":{"background-color":"","background-image":"","background-repeat":"repeat","background-position":"center center","background-size":"auto","background-attachment":"scroll","background-type":"","background-media":"","overlay-type":"","overlay-color":"","overlay-opacity":"","overlay-gradient":""}},"ast-content-background-meta":{"desktop":{"background-color":"var(--ast-global-color-4)","background-image":"","background-repeat":"repeat","background-position":"center center","background-size":"auto","background-attachment":"scroll","background-type":"","background-media":"","overlay-type":"","overlay-color":"","overlay-opacity":"","overlay-gradient":""},"tablet":{"background-color":"var(--ast-global-color-4)","background-image":"","background-repeat":"repeat","background-position":"center center","background-size":"auto","background-attachment":"scroll","background-type":"","background-media":"","overlay-type":"","overlay-color":"","overlay-opacity":"","overlay-gradient":""},"mobile":{"background-color":"var(--ast-global-color-4)","background-image":"","background-repeat":"repeat","background-position":"center center","background-size":"auto","background-attachment":"scroll","background-type":"","background-media":"","overlay-type":"","overlay-color":"","overlay-opacity":"","overlay-gradient":""}}},"product_brand":[],"product_cat":[40],"product_tag":[41],"class_list":{"0":"post-205","1":"product","2":"type-product","3":"status-publish","4":"has-post-thumbnail","6":"product_cat-orion-14500-aa-inr","7":"product_tag-orion-14500-aa","8":"desktop-align-left","9":"tablet-align-left","10":"mobile-align-left","12":"first","13":"instock","14":"shipping-taxable","15":"purchasable","16":"product-type-simple"},"aioseo_notices":[],"_links":{"self":[{"href":"https:\/\/sezginpil.com\/index.php?rest_route=\/wp\/v2\/product\/205","targetHints":{"allow":["GET"]}}],"collection":[{"href":"https:\/\/sezginpil.com\/index.php?rest_route=\/wp\/v2\/product"}],"about":[{"href":"https:\/\/sezginpil.com\/index.php?rest_route=\/wp\/v2\/types\/product"}],"replies":[{"embeddable":true,"href":"https:\/\/sezginpil.com\/index.php?rest_route=%2Fwp%2Fv2%2Fcomments&post=205"}],"wp:featuredmedia":[{"embeddable":true,"href":"https:\/\/sezginpil.com\/index.php?rest_route=\/wp\/v2\/media\/470"}],"wp:attachment":[{"href":"https:\/\/sezginpil.com\/index.php?rest_route=%2Fwp%2Fv2%2Fmedia&parent=205"}],"wp:term":[{"taxonomy":"product_brand","embeddable":true,"href":"https:\/\/sezginpil.com\/index.php?rest_route=%2Fwp%2Fv2%2Fproduct_brand&post=205"},{"taxonomy":"product_cat","embeddable":true,"href":"https:\/\/sezginpil.com\/index.php?rest_route=%2Fwp%2Fv2%2Fproduct_cat&post=205"},{"taxonomy":"product_tag","embeddable":true,"href":"https:\/\/sezginpil.com\/index.php?rest_route=%2Fwp%2Fv2%2Fproduct_tag&post=205"}],"curies":[{"name":"wp","href":"https:\/\/api.w.org\/{rel}","templated":true}]}}